 - -62).
23
What is 3 + -13 - (12 + (3 + 10 - 4 - 78))?
47
74 - (0 + (4 - -27))
43
Calculate (29 - -12) + -29 + 4 + -6 + -4.
6
-31 + 21 - -38 - 5
23
What is the value of 61 + -213 + 154 + 11 + 0?
13
Calculate -56 - (-103 - (-82 - 57)).
-92
What is the value of 101 - (133 - 73) - -4?
45
-88 + (-13 - -45) - (-9 - -1) - 10
-58
Evaluate -5 + (-6 - -16) - 11 - (-33 + 33).
-6
What is -6 - -20 - ((-6 - -1) + 85 + -92)?
26
46 + 1 + (13 - (72 + -38))
26
What is (-85 - (-1 - 3) - (-16 - -52 - 33)) + -12?
-96
Calculate (56 - 69) + (26 - -24).
37
Evaluate -7 - 16 - -41 - 40.
-22
What is the value of 0 + 5 + (-5 + -1 - (44 - (-34 + 85)))?
6
What is -120 + 179 + (-19 - -43)?
83
What is (-26 - 34) + 14 + -34 - (1 + -14)?
-67
Calculate 0 + -1 + -6 + -1 - (-16405 + 16396).
1
Evaluate (-1 - -7) + -2 - (266 + -221).
-41
Calculate -87 + 67 + (-2 - 15) - (-2 - (1 + 2)).
-32
What is the value of 10 + -14 + 4 + 4 + 2 + -2 + -57?
-53
What is -9 - -15 - 27 - -32 - -17?
28
What is -34 + -19 + -22 + 36 + -17?
-56
Calculate 22 - (-24 + 22) - 18 - 16.
-10
6 + 13 + (-4 + -1 + -1 - 4) + 13
22
-11023 - -11012 - ((0 - (0 - 1)) + 66)
-78
Evaluate -936 + 828 - (-51 + -2).
-55
Calculate -4 + 2 + 7 - ((3 - (-13 + 14)) + -11).
14
What is the value of (54 + -5 - 70) + -1?
-22
Evaluate 10 + (143 - 238) + (2 - (-2 + 3)).
-84
What is 50 - (1 - -5 - (21 - (1 + 27)))?
37
What is -124 - (31 - (-78 - -91) - (2 + 13 + 0))?
-127
Calculate 35 + (0 - -10) + -116 - -13.
-58
Evaluate (-40 - (53 + -73)) + 80.
60
Calculate 3 + 4 + 10 + -19 + (18 - -22 - 2).
36
What is (36 + -9 - 9) + (30 + -81 - -46)?
13
What is the value of 62 + (-14 - (40 + -40))?
48
Evaluate (5 - 5 - -59) + (52 - (18 + 34)).
59
Evaluate 4 - -2 - (-13 - (3 + -3) - -16) - 20.
-17
What is the value of 81 - 83 - (-59 + 66)?
-9
What is the value of -100 - (49 + (-27 - (-20 - -17)) + -25)?
-100
Calculate 32 + (-5 - (110 + -91 + -13 + -1)).
22
Calculate 0 - 0 - -34 - (17 + 12 + -20).
25
Calculate (-146 - -93) + 37 + 2.
-14
What is -106 - (-15 - -5 - 87)?
-9
Evaluate 75 - (51 - (58 + -47)).
35
Evaluate 38 - (15 - (-1 - 6 - -11) - 13).
40
What is 64 + 3 + -33 - 43 - (-2 + 19)?
-26
Calculate (11 - -138 - 224) + -57.
-132
What is the value of -74 + 222 - -11 - 102?
57
Calculate (-58 - 71) + 71 - 9.
-67
(41 - 32) + -50 + (-2 + 8 - -2)
-33
Calculate 5 + -1 + (-136 - (20 - 55)) + 4 + 11.
-82
-22 + 18 + -51 + 4 + 8 + -1
-44
-28 + 44 + -16 - 19 - (-2 - -14 - -1)
-32
Evaluate 119 + -67 + 7 - 56.
3
Evaluate -37 + 9 + (-13 + 36 - 15).
-20
Evaluate 1 - ((-3 - 0) + 5 - -8) - -14 - -33.
38
Evaluate 13 + (-51 - -11) + -63.
-90
What is -47 + 74 - (-27 - (-29 + 22))?
47
What is the value of (-26 + 2 - 2) + (-15 - (-11 - 12)) - 10?
-28
Evaluate -1527 + 1497 + (1 - -38) + (5 - -15).
29
Evaluate (-12 - 29) + 41 + -14.
-14
57 - 2 - (-411 - -492)
-26
Evaluate (1 + -4 - (7 + 10) - 1 - -12) + 14.
5
Calculate (-17 - (0 - 11)) + 12 + -6 - 7.
-7
Calculate (12 - (9 - -4 - 24)) + -78.
-55
What is the value of (0 + (9 - (-1 + 7)) - -12) + -8?
7
What is (-19 + 59 - 20) + -10 - (-2 + 96)?
-84
Calculate (-2 - -1) + 316 + -366.
-51
(259 - 268) + (-4 - -3 - -3) - 18
-25
Evaluate -13 - (118 + -2 - 108).
-21
Evaluate (1 + -100 - -115) + 36.
52
Evaluate 0 + 37 - (-12 - (-5 - (18 - 13) - -6)).
45
1 - -13 - ((-1 - -40 - -7) + -28)
-4
-9 + 23 + (10 - (-12 + 7)) + 8
37
What is -64 - (41 + -205 - -48)?
52
Calculate 0 + -2 + (2 - 0 - (49 - (-23 + 81))).
9
What is 49 + -51 + 21 + -55?
-36
Evaluate 37 + (-19 - 14) - -58.
62
Evaluate 35 + 3 + (15 - 53).
0
-24 - -42 - (-10 - -8)
20
Evaluate 1 + (55 - (8 - -16)) + 39.
71
Evaluate (-18 - -1) + -8 + 14.
-11
Calculate -2 + -4 + 7 + -11 + -12 + -28.
-50
Evaluate 8 + (38 - 23) + 13 + 2 - (5 - -1).
32
(15 - (-8 + 0 + 9)) + 4 + 3
21
What is (3 - (4 + -5 + 16)) + (211 + -103 - 34)?
62
Calculate -40 - (-15 + -7 - (125 - 121)).
-14
4 + -22 + (-7 - -28) + -7 - 53
-57
4 - (2 - (-7 + (20 - 10) - 5)) - -25
25
What is the value of -23 + -19 + -4 + 2 + 17?
-27
-102 + (5 - 7) + (1417 - 1382)
-69
What is the value of -11 + 6 + 7 + 5 + -2 - 21?
-16
What is 156 - (107 + -202 - -152)?
99
What is 6 - (11 + 8 + -12) - (-39 - 10) - -3?
51
Calculate 63 - 33 - (101 - 1) - -17.
-53
What is -107 + 3 - (15 + -62 + 23)?
-80
Calculate (6 - -7 - 6 - (39 + -30)) + (0 - -18).
16
Evaluate -40 + 1 - ((-192 - -88) + 128).
-63
-226 - (-29 + -54 + -21)
-122
Calculate 194 + -175 - (-29 + (-17 - -21)).
44
Evaluate -135 + 124 + -50 + 4.
-57
Evaluate 66 - -13 - 49 - 51.
-21
What is the value of 45 - 15 - (-241 - -237)?
34
Evaluate -48 - 0 - (4 + -7 + 0) - 14.
-59
What is the value of 1 + -24 - (-262 - -234)?
5
Calculate -49 - (150 - 159 - (-7 + 29)).
-18
What is 9 + (-2 + -1 - (59 - (-2 - -17) - -2))?
-40
Calculate -51 + 181 - 29 - 2.
99
What is -6 + 10 - ((-21 - -27) + 30)?
-32
1 + (1 - 4 - ((-5 + 4 - -7) + -4))
-4
Calculate 5 - (-992 - -962 - (-22 + 2 - -2)).
17
15 - ((6 - 0) + -6 - (74 + -82)) - -91
98
What is the value of -6 + (-7 - (14 - 23 - (2 + 1 - -55)))?
54
Evaluate 12 - (-183 - -184 - (-2 - 0 - -2)) - 16.
-5
4 + 1 - (-16 - (-21 + -1))
-1
(0 - 1) + (-694 - -672)
-23
-31 + 3 + 52 + (-2 - 8)
14
Calculate 22 + (-12 - -38) + -82.
-34
What is 1 + -97 + (199 - 88) + -83?
-68
Evaluate -21 - (18 - ((26 - 27) + 24)).
-16
What is the value of 13 - (539 - 536 - (12 - -2) - (55 - 0))?
79
What is the value of (3 - -1 - 1) + -19 + -11 + 24 - -27?
24
What is the value of (51 - 3) + 19 + (-50 - -11)?
28
104 + -99 + -93 + -3 + -2 + 4
-89
What is the value of ((78 - 12) + 12 - 12) + 90 + -77?
79
-57 + (12 - -44) - (-28 + 4)
23
(488 - 503) + (-7 - -64)
42
What is the value of 4 - 0 - (58 + -16) - -13 - 1?
-26
Evaluate -3 + 35 + -3 + -38.
-9
Calculate 0 - (2 + -16) - (34 - (0 + 9) - -23).
-34
-7 - -79 - (-65 - -85 - (-3 + (5 - -10)))
64
What is the value of 1 + (-60 + -4 - (-40 - -43)) + 9 - -2?
-55
Evaluate 13 + (108 - (78 + -50 - 22)).
115
What is 6 - (34 - (3 - 10)) - (-4 - -6)?
-37
What is 196 + -190 + (-6 - 0 - -5)?
5
What is the value of -1 - -40 - ((6 - -6) + -44 - -32)?
39
Calculate 1 - 11 - (24 - (17 + 3) - 1).
-13
64 + (5 - (2 + -1)) + -58 + 63 - 2
71
Calculate (-35 - (-89 - -6)) + -34.
14
-4944 + 4957 - (0 - 45)
58
Evaluate 19 + 4 + -3 + (-5 + -1 - 2).
12
What is 160 + -253 + 131 + 74?
112
Evaluate 61 + -95 + 38 - (-9 - -54).
-41
337 + -206 + (-104 - -17)
44
Calculate 4 + (0 - -5) - (-48 + -28 + -33).
118
Calculate (1 - (1 - (0 + 0))) + (32266 - 32254).
12
What is 48 + -6 - -24 - (3 - (4 - 4 - 3))?
60
What is -14 + 2 + -119 + (-13 - -43) + -15?
-116
2 + 0 + (-43 - -24) + 11
-6
What is the value of (5 - 1) + 1 - 4 - (16 + (14 - 40))?
11
Calculate (3 - -2 - 3) + -20 + (750 - 752).
-20
Calculate 34 + 75 + 18 + -42.
85
What is 28 - (27 + (-3 - 21) - 23)?
48
-31 + 2207 + -2215 + 5 + (0 - -1)
-33
Calculate -208 + 89 + 234 - 164.
-49
Calculate -7 + 0 + 6 - (-4 + 67).
-64
What is 101 - (34 + -25 + 32)?
60
Calculate -20 + (-40 - -65) + 108 - -12.
125
What is the value of -31 - (-57 + 3) - 36?
-13
Evaluate -33 - 19 - -11 - -39.
-2
What is the value of -31 - ((41 - 7) + -56)?
-9
What is (37 - (-42 + 89)) + -4 + (-4 - 5) + -3?
-26
-28 + (-19 - -14 - -21) - (-2 + 10)
-20
Calculate 2 + (0 - -3) + 0 + -41 + -42 + 17.
-61
(71 - 62) + -2 + (2 - -32) + (10 - 13)
38
What is the value of 54 - (6 - (35 + -24 - 23))?
36
What is the value of 46 - (-13 - -11) - -13 - 18?
43
67 + -75 - -31 - 94
-71
-41 + 77 - -25 - 8
53
Evaluate -370 + 379 + 99 + (5 - 6).
107
Evaluate (-36 + 93 - 90) + -1 + -31.
-65
What is -3 + (3 - -40) - 3 - (4 - (2 - 1))?
34
Evaluate 1 + -34 - ((4 + -9 - 4) + 4 + 8).
-36
-20 + 24 + -43 + 5 + -2 + -5 + -9
-50
Evaluate -206 + 82 + 65 + 64.
5
What is the value of (-18 - 63) + -30 + -2?
-113
Calculate (-12 - 0) + -70 + 124 + (-11 - (11 + -5)).
25
What is 39 - (15 + (5 - 7 - (65 + -51)))?
40
What is 70 + (10 - 0) + (-20 - -1 - (723 + -733))?
71
Evaluate (13 - (1 + (-15 - -18))) + -2.
7
Calculate 1 + (-5 + 10 - 5 - -11 - -24).
36
Evaluate -13 + 0 + -2 - (-199 - (146 + -449)).
-119
Calculate (7 - (7 - -2 - 3)) + (-12 + -9 - -28).
8
What is the value of -26 - (-11 - (6 - (-18 + -26)))?
35
What is the value of -2863 + 2843 + 17 + 0?
-3
What is the value of 3 + -9 + 3 + 6 + 1 + (-699 - -768)?
73
What is -2 + -1 + -1 + 4 - (-2410 - -2375)?
35
51 + (5 - ((1 - 6) + 9))
52
-26 + 21 + ((